w**4/6 - w**3/3 + 1215*w. Give g(-1).
40
Let m = -70 - -65. Let y = m - -11. Let a(r) = 5*r - 14*r + r**2 + y + 0*r**2 + 2*r. Calculate a(4).
-6
Let b(j) = -2*j**2 - 3*j + 3. Let u be b(-3). Let p(o) = 19*o - 109. Let x be p(6). Let m(w) = 44 + 45 - 93 + x*w**2 + 6*w - 4*w**2. Determine m(u).
-4
Let v(w) be the first derivative of -2*w**2 - 37*w + 885. Determine v(-19).
39
Suppose 72 = 86*y - 78*y. Let k(z) = -93*z + z**2 - 88*z + 190*z + y. What is k(-8)?
1
Let j(m) be the first derivative of 2*m**3 + m**2 + 3932. What is j(2)?
28
Let a(m) = 2*m**2 + 4*m - 10 + 4*m + 8*m - 19*m + 2*m. What is a(3)?
5
Let v(r) = -r**3 + 6*r**2 - 8*r + 4. Let d = 19 - -113. Let u = -127 + d. Give v(u).
-11
Let u(h) = 6*h - 4. Suppose -m + 38 = 4*c, 0 = -4*c + 8*m - 12*m + 44. Suppose -676*f + c = -673*f. What is u(f)?
14
Let b(l) = l**2 - l - 1. Let t(h) be the third derivative of -h**6/120 + 3*h**5/20 - 3*h**4/8 + 3*h**3 - 70*h**2. Let z(f) = 3*b(f) + t(f). What is z(11)?
4
Let k(g) be the first derivative of 1/20*g**5 - 9*g + 16 + 7/6*g**3 + 0*g**2 + 2/3*g**4. Let m(i) be the first derivative of k(i). Determine m(-7).
0
Let v(q) = -2*q + 1. Let t(r) = -99 - 9*r + 55 + 4*r**2 - 3*r**2 + 50. Let m(i) = -t(i) + 4*v(i). What is m(3)?
-8
Let u be 3*(1 + (0 - -10)). Let x = 35 - u. Let j(w) = 4*w**2 - 5 + 7*w - w**3 + 3*w**2 + 2*w**2 - 5*w**x. Give j(5).
5
Suppose 0*b - 98 = 2*b - 3*s, 0 = -3*b + 4*s - 145. Let x(p) = p**3 + p**2 + p - 45. Let t be x(0). Let w = b - t. Let l(j) = -j**2 - 3*j + 1. Give l(w).
-9
Let l(u) = 49*u**2 - 71*u - 43. Let x(q) = -9*q**2 + 14*q + 9. Let a(y) = -2*l(y) - 11*x(y). Determine a(13).
0
Suppose -7*c + 7 = -49. Suppose 5*k - 2*v = -37, 5*v - 6 = -k - c. Let u(w) = w**3 + 8*w**2 + 9*w - 7. Calculate u(k).
-21
Let c be (-12)/(-84) + (2 - 6/(-7)). Suppose 0 = c*a + 4*h, -2*a - 3*a + 5*h = 35. Let l(w) = -w**3 - 3*w**2 - w. Give l(a).
20
Let b(v) = v**3 - 6*v**2 + 6*v + 5. Let t = -6 - -15. Suppose t = -5*a - 4*u + 22, -u = 3. Give b(a).
10
Let x(o) = 16*o - 9. Let i(s) = -7*s + 5. Let z(h) = -9*i(h) - 4*x(h). Calculate z(-13).
4
Let d(k) = 137*k - 535. Let s(f) = 51*f - 178. Let u(t) = -4*d(t) + 11*s(t). Calculate u(-14).
0
Let n(x) = x**3 + 6*x**2 + 6*x + 4. Let q be 5/((-15)/48)*(-2)/8. Let u be (-6)/(q - 5) + -11. What is n(u)?
-1
Let c be (-1)/2*0/1. Let f(w) be the first derivative of -w**6/120 - 7*w**3/6 + 231*w**2/2 - 215. Let o(a) be the second derivative of f(a). Determine o(c).
-7
Let v(m) be the third derivative of -1/2*m**3 - 2 + 1/12*m**4 - 38*m**2 + 0*m. Suppose -8*k = -4*k - 16. Give v(k).
5
Let p(t) = -t**3 + 4*t**2 - 3*t. Let a(y) = y**3 - 26*y**2 + 2*y + 37. Let i = 76 + -50. Let h be a(i). Let r = h - 87. What is p(r)?
2
Let b(p) be the third derivative of -p**6/120 - p**5/10 - 7*p**4/24 - 5*p**3/6 - p**2. Suppose -4*i + 9 = -7. Suppose 8 = -6*t + i*t. Give b(t).
-9
Suppose 12 = -3*t, 0 = 5*g + 7*t - 3*t - 14. Let o be (10/g)/((-5)/(-105)). Let b(l) = -41*l + l**2 + l**3 + 1 + o*l - 5*l**2. Determine b(4).
-23
Let x(i) = 76*i + 79*i - 232*i + 75*i + 6. Give x(10).
-14
Let s = 5 + -2. Let f(j) be the first derivative of -2*j**2 + 4*j + 1/3*j**3 - 34. What is f(s)?
1
Let t(a) = a**3 + 6*a**2 + 4*a - 4. Suppose -15*u - 4*b = -12*u, 0 = 2*b. Suppose u = 26*f - 28*f - 10. What is t(f)?
1
Let s = -36 - -44. Suppose 4*v = s, -3*y - 8 = 3*v - 32. Let j(x) = -x**2 + 6*x - 4. Give j(y).
-4
Let y be (1*8/12)/(36/(-54)). Let h(r) = 18*r**3 - r**2. Give h(y).
-19
Suppose 964*r - 965*r - 4*o = 4, 3*r + o + 1 = 0. Let v(s) = -s**2 + 33*s - 10. Determine v(r).
-10
Let i(l) = l**2 - 22*l + 2. Suppose 5 = -o + 2*o, -u + 5*o - 3 = 0. Let f be i(u). Let n(r) = -25*r + 12*r + 1 + 10*r - r**3 - 5*r**f. Give n(-3).
-8
Let w(d) = -2*d**3 + 11*d**2 + 5*d + 28. Let c(x) = -5*x**3 + 23*x**2 + 13*x + 70. Let n(p) = -3*c(p) + 7*w(p). Determine n(-8).
18
Let z(b) = b**3 + b**2 + 5. Let o be z(0). Suppose -24*f = -5*f - 114. Let p(k) = 8*k + f*k - 6 - 13*k + 0. What is p(o)?
-1
Suppose -4*p - 8 = -4*v, 14*v = -5*p + 18*v - 12. Let g(a) = a**3 + 4*a**2 - 3*a + 5. Give g(p).
17
Suppose 2*t - 8 = 5*d, 0 = -5*t - 3*d - 3 + 23. Let w(v) = -6 - t + 16 - 24*v - 5. Determine w(1).
-23
Let k(p) be the second derivative of p**5/20 - p**4 + 8*p**3/3 + p**2 - 4*p - 80. Give k(11).
57
Let c(g) be the second derivative of -g**5/20 - g**4 - g**3/2 + g**2/2 + 8449*g. What is c(0)?
1
Let u(t) be the third derivative of -t**7/1260 - t**6/60 + 25*t**5/12 + t**2 - 8. Let k(j) be the third derivative of u(j). What is k(-8)?
20
Let d(x) = -3*x + 33. Let b(k) = 2*k - 40. Let z(q) = -6*b(q) - 7*d(q). Let o(j) = -5*j + 1. Let w(m) = 3*o(m) + z(m). Determine w(2).
0
Suppose -4*x - 5*d = 7, 4*d = -4*x + 2*d + 2. Let p(o) = 24 + x*o - 13 - 9 - 5. Calculate p(7).
11
Let r be -7 + 3 + (-28)/(-2). Suppose 10*g = 20 + r. Let u(b) = b - 7. Give u(g).
-4
Let s = 2099 - 2092. Let t(q) = q**2 - 6*q + 4. Give t(s).
11
Let w(g) = 63*g - 2385. Let d be w(39). Let k(a) = a**2 - 66*a - 431. Give k(d).
1
Let t(v) = -v**2 - 14*v + 32. Suppose -21*o + 2*c = -19*o - 10, -2*o - 3*c = 5. Determine t(o).
0
Let o = -312 - -308. Let d(t) = 25*t**3 + 6*t**2 - 13*t + 11. Let m(i) = 9*i**3 + 2*i**2 - 4*i + 4. Let v(z) = 4*d(z) - 11*m(z). Give v(o).
0
Let r(c) = -3*c**3 + 0*c**3 - 14*c**3 - 16*c**2 + 15*c**3 - 2 + 16*c. Calculate r(-9).
16
Let a(d) = 238. Let t(h) = -5. Let u(f) = -a(f) - 51*t(f). Let k(s) = s + 5. Let o(x) = 14*k(x) - 4*u(x). Suppose -r + 0 + 2 = 0. Give o(r).
30
Let w(s) be the first derivative of s**4/4 - 16*s**3/3 - 9*s**2 + 27*s + 195. Determine w(17).
10
Let c(f) = -f**2 - 9*f - 14. Let n = -5200 + 5196. Calculate c(n).
6
Let g be 1 - (-3 + (-4 - -2*3)). Suppose 1 = -g*q + 3*q. Suppose 3*z + 16 = q, -2*s = -2*z. Let c(b) = b + 2. Determine c(s).
-3
Suppose -36 = 3*z + 5*r, 35 - 31 = -z + r. Let m(g) = g + 1. Let i(a) = -3*a + 5. Let c(h) = i(h) + 4*m(h). Determine c(z).
2
Let n(s) = -s**2 - 21*s - 39. Suppose 5*a + 131 = z + 35, 4*a - z = -77. Give n(a).
-1
Let i(x) = -14*x - 4*x - 15*x + 32*x - 13. Suppose 3*h + m = -40, 4*h + 2*m - 18 = 5*h. What is i(h)?
1
Let k(v) = -2*v - 3. Suppose -15*o + 31*o - 112 = 0. Suppose -14*f + o*f + 161 = 0. Suppose -10*b = f + 17. Determine k(b).
5
Let s(c) = -c**2 + 4*c - 4*c + c**3 - 4*c - 4*c**2 + 3 - 11*c. Let q(d) = 2*d**3 - 10*d**2 - 29*d + 8. Let l(x) = 6*q(x) - 11*s(x). Calculate l(6).
-3
Let q(r) = 7*r**2 + r + 33. Let p(t) = -9*t**2 + 8*t - 27. Let c(f) = -3*p(f) - 4*q(f). Give c(-27).
-24
Let y(l) = 4*l + 2. Let r be ((-3)/(-2))/((-3)/54). Let q be (-114)/r - 4/18. Determine y(q).
18
Suppose 30 = -8*h + 11*h. Suppose -3*g + h = 2*g. Suppose 0 = 4*m - m - g*m. Let j(t) = -t**2 + t + 7. Determine j(m).
7
Let l(m) be the second derivative of m**4/12 - m**3/3 - m**2 + 9*m. Suppose 6*c = 3*c + 9, 4*c = 2*r + 164. Let j = -78 - r. Calculate l(j).
6
Let n(r) = r**2 - r - 3. Let j be n(3). Let w(v) = v - v**2 + 9*v - 3*v + j*v + 4. Let h = 38044 - 38034. Determine w(h).
4
Suppose 0 = -4*h + 10 + 6, -3*b - 2*h + 32 = 0. Let k(w) be the first derivative of -2*w**2 + 155 + 11*w + w - 23*w + 3*w**2 + 175. Determine k(b).
5
Let x(s) = -2*s - 3. Suppose 2*c - 20 = -0*c + 4*n, -2*c - 2*n = -32. Let b be 4/c + 3/(21/(-23)). Let t be b + 0*2/(-10). What is x(t)?
3
Let g be ((-5)/(-2))/((14/(-12))/(-613 + 620)). Let n(v) = -14*v + v + 0 - v**2 + 22. Determine n(g).
-8
Let p = 34 + -32. Suppose -n + 0*n + p = 0, -5*g + 16 = 3*n. Let w(f) = 5*f**2 + 7*f - 5 + 0*f**g - 2*f - 4*f**2. Determine w(-5).
-5
Suppose 2*q = 2*z + 9 - 49, -3*q = 2*z - 55. Let c(l) = l**3 + 20*l - 5 - 2*l**2 + 5*l**2 - z*l. Determine c(-4).
-9
Let a(c) = c - 5. Let u(h) = 2*h**2 - 4*h - 4. Let b be u(3). Let s be (1/b)/(10/(-4) + 2). Let i be (-2)/(-3) + 1/3 + s. Calculate a(i).
-5
Suppose -3*g + 4*g + 3*b + 216 = 0, 0 = -3*g + 3*b - 588. Let m be (48/(-72))/(2/g). Let r(x) = x**2 + 67*x - m*x + 5. Determine r(0).
5
Suppose 4*l = 3*b + 12, -7*b + 9*b + 4 = 4*l. Let q be 30/8 - 21/28. Let x(k) = q*k**2 + 3*k**2 - 14*k**2 + 10 + 2*k - k**3. Determine x(b).
-6
Suppose 7 = 7*i + 7. Let c(j) = 4*j**2 + i + 7 - 6 - 2*j**3 - 5. Give c(3).
-22
Let i = -383 + 385. Suppose 4*a + 34 = i*g, -14*g + 9*g = -5*a - 30. Let m(l) = -l**2 - 12*l - 8. Calculate m(a).
3
Let f(l) = 3*l + 2. Let k